{"id":10,"date":"2024-06-17T10:50:37","date_gmt":"2024-06-17T08:50:37","guid":{"rendered":"http:\/\/minirailnantais.fr\/?page_id=10"},"modified":"2024-06-25T01:41:34","modified_gmt":"2024-06-24T23:41:34","slug":"bienvenue","status":"publish","type":"page","link":"https:\/\/minirailnantais.fr\/index.php\/bienvenue\/","title":{"rendered":"Historique"},"content":{"rendered":"\n<p id=\"block-fb76a626-4d3a-4555-9408-68dfe95c1cd5\">Le Mini Rail Nantais<\/p>\n\n\n\n<p id=\"block-bacc0f9c-bcf6-4bc0-b8a6-ec5fce1cd147\"><strong><em>Son historique de 1985 \u00e0 nos jours:&nbsp;<\/em><\/strong><br>&nbsp;<br>Le club de mod\u00e9lisme ferroviaire des cheminots de NANTES : RMCCN (Rail Mod\u00e8le Club des Cheminots Nantais) a vu le jour en 1985 gr\u00e2ce \u00e0 un groupe de cheminots nantais. Le club occupait alors un local au sein de la gare de NANTES-ETAT.<br>&nbsp;<br>Le club s\u2019agrandit, quitte la gare de NANTES-ETAT, s\u2019ouvre aux passionn\u00e9s non cheminots, et s\u2019installe au 1er \u00e9tage de la gare de CHANTENAY.<br>&nbsp;<br>En 1992, le club change de nom et devient le MINI RAIL NANTAIS (M.R.N.). Le nombre d\u2019adh\u00e9rents continue d\u2019augmenter et la construction d\u2019un r\u00e9seau modulaire \u00e0 l\u2019\u00e9chelle \u00ab Ho \u00bb est entreprise.<br><br>En 2008, notre club s\u2019affilie \u00e9galement \u00e0 la \u00abF\u00e9d\u00e9ration Fran\u00e7aise de Mod\u00e9lisme Ferroviaire \u00bb. L\u2019id\u00e9e de s\u2019affilier \u00e0 cette f\u00e9d\u00e9ration est de pouvoir faciliter le dialogue avec les autres associations affili\u00e9es et d\u2019\u00eatre consid\u00e9r\u00e9 comme des partenaires \u00e0 part enti\u00e8re d\u00e8s que des opportunit\u00e9s d\u2019expositions communes peuvent se pr\u00e9senter.<br><br>Le 2 d\u00e9cembre 2017, nous d\u00e9m\u00e9nageons de nouveau pour nous situer au 20 rue St M\u00e9dard \u00e0 Nantes.<\/p>\n\n\n\n<p id=\"block-0e60771d-8ae6-4420-9760-3435398b9033\"><\/p>\n","protected":false},"excerpt":{"rendered":"<p>Le Mini Rail Nantais Son historique de 1985 \u00e0 nos jours:&nbsp;&nbsp;Le club de mod\u00e9lisme ferroviaire des cheminots de NANTES : RMCCN (Rail Mod\u00e8le Club des Cheminots Nantais) a vu le jour en 1985 gr\u00e2ce \u00e0 un groupe de cheminots nantais. Le club occupait alors un local au sein de la gare de NANTES-ETAT.&nbsp;Le club s\u2019agrandit, &hellip; <\/p>\n<p class=\"link-more\"><a href=\"https:\/\/minirailnantais.fr\/index.php\/bienvenue\/\" class=\"more-link\">Continuer la lecture<span class=\"screen-reader-text\"> de &laquo;&nbsp;Historique&nbsp;&raquo;<\/span><\/a><\/p>\n","protected":false},"author":3,"featured_media":0,"parent":0,"menu_order":0,"comment_status":"closed","ping_status":"closed","template":"","meta":{"footnotes":""},"class_list":["post-10","page","type-page","status-publish","hentry"],"rttpg_featured_image_url":null,"rttpg_author":{"display_name":"Jean-Raymond GUILLAUME","author_link":"https:\/\/minirailnantais.fr\/index.php\/author\/superviseur\/"},"rttpg_comment":0,"rttpg_category":null,"rttpg_excerpt":"Le Mini Rail Nantais Son historique de 1985 \u00e0 nos jours:&nbsp;&nbsp;Le club de mod\u00e9lisme ferroviaire des cheminots de NANTES : RMCCN (Rail Mod\u00e8le Club des Cheminots Nantais) a vu le jour en 1985 gr\u00e2ce \u00e0 un groupe de cheminots nantais. Le club occupait alors un local au sein de la gare de NANTES-ETAT.&nbsp;Le club s\u2019agrandit,\u2026","_links":{"self":[{"href":"https:\/\/minirailnantais.fr\/index.php\/wp-json\/wp\/v2\/pages\/10","targetHints":{"allow":["GET"]}}],"collection":[{"href":"https:\/\/minirailnantais.fr\/index.php\/wp-json\/wp\/v2\/pages"}],"about":[{"href":"https:\/\/minirailnantais.fr\/index.php\/wp-json\/wp\/v2\/types\/page"}],"author":[{"embeddable":true,"href":"https:\/\/minirailnantais.fr\/index.php\/wp-json\/wp\/v2\/users\/3"}],"replies":[{"embeddable":true,"href":"https:\/\/minirailnantais.fr\/index.php\/wp-json\/wp\/v2\/comments?post=10"}],"version-history":[{"count":8,"href":"https:\/\/minirailnantais.fr\/index.php\/wp-json\/wp\/v2\/pages\/10\/revisions"}],"predecessor-version":[{"id":420,"href":"https:\/\/minirailnantais.fr\/index.php\/wp-json\/wp\/v2\/pages\/10\/revisions\/420"}],"wp:attachment":[{"href":"https:\/\/minirailnantais.fr\/index.php\/wp-json\/wp\/v2\/media?parent=10"}],"curies":[{"name":"wp","href":"https:\/\/api.w.org\/{rel}","templated":true}]}}