{"id":12,"date":"2024-06-17T10:51:31","date_gmt":"2024-06-17T08:51:31","guid":{"rendered":"http:\/\/minirailnantais.fr\/?page_id=12"},"modified":"2025-12-08T10:29:31","modified_gmt":"2025-12-08T09:29:31","slug":"contact-et-adhesion","status":"publish","type":"page","link":"https:\/\/minirailnantais.fr\/index.php\/contact-et-adhesion\/","title":{"rendered":"Contact et Adh\u00e9sion"},"content":{"rendered":"\n<h2 class=\"wp-block-heading\">Nous contacter en direct<\/h2>\n\n\n\n<p>Par t\u00e9l\u00e9phone : 06.16.42.18.52<br>Par courriel : minirailnantais@gmail.com<\/p>\n\n\n\n<h2 class=\"wp-block-heading\">Adh\u00e9rer en 2026<\/h2>\n\n\n\n<p>Vous pouvez adh\u00e9rer au Mini Rail Nantais directement au club \u00e0 partir de 11 ans.<br>Venez avec la fiche d&rsquo;adh\u00e9sion ci-jointe d\u00fbment remplie apr\u00e8s t\u00e9l\u00e9chargement<\/p>\n\n\n\n<p><strong>Le tarif<\/strong> : 70 \u20ac pour l&rsquo;ann\u00e9e, 35 \u20ac pour les mineurs<\/p>\n\n\n\n<p><strong>Le document<\/strong> : La fiche d&rsquo;inscription<\/p>\n\n\n\n<div class=\"wp-block-file\"><a id=\"wp-block-file--media-883a4131-7acc-44ed-b542-6db24f0a5400\" href=\"https:\/\/minirailnantais.fr\/wp-content\/uploads\/2025\/10\/Fiche-dadhesion-2026.pdf\">Fiche d&rsquo;adh\u00e9sion 2026<\/a><a href=\"https:\/\/minirailnantais.fr\/wp-content\/uploads\/2025\/10\/Fiche-dadhesion-2026.pdf\" class=\"wp-block-file__button wp-element-button\" download aria-describedby=\"wp-block-file--media-883a4131-7acc-44ed-b542-6db24f0a5400\">T\u00e9l\u00e9charger<\/a><\/div>\n\n\n\n<p><a href=\"https:\/\/www.helloasso.com\/mini-rail-nantais\/adhesions\/adhesion-2026antais\/\" target=\"_blank\" rel=\"noreferrer noopener\">Payer par <\/a><a href=\"https:\/\/www.helloasso.com\/associations\/mini-rail-nantais\/adhesions\/adhesion-2026antais\/\" target=\"_blank\" rel=\"noreferrer noopener\">Hello Asso<\/a><\/p>\n\n\n\n<h2 class=\"wp-block-heading\">Nous \u00e9crire<\/h2>\n\n\n<div class=\"frm_forms  with_frm_style frm_style_style-formidable\" id=\"frm_form_4_container\" data-token=\"d159fa57ac2fe82da2f1a9a51a4c0303\">\n<form enctype=\"multipart\/form-data\" method=\"post\" class=\"frm-show-form \" id=\"form_nouscontacter\" data-token=\"d159fa57ac2fe82da2f1a9a51a4c0303\">\n<div class=\"frm_form_fields \">\n<fieldset>\n<legend class=\"frm_screen_reader\">NousContacter<\/legend>\n\n<div class=\"frm_fields_container\">\n<input type=\"hidden\" name=\"frm_action\" value=\"create\" \/>\n<input type=\"hidden\" name=\"form_id\" value=\"4\" \/>\n<input type=\"hidden\" name=\"frm_hide_fields_4\" id=\"frm_hide_fields_4\" value=\"\" \/>\n<input type=\"hidden\" name=\"form_key\" value=\"nouscontacter\" \/>\n<input type=\"hidden\" name=\"item_meta[0]\" value=\"\" \/>\n<input type=\"hidden\" id=\"frm_submit_entry_4\" name=\"frm_submit_entry_4\" value=\"3a9ae87032\" \/><input type=\"hidden\" name=\"_wp_http_referer\" value=\"\/index.php\/wp-json\/wp\/v2\/pages\/12\" \/><div id=\"frm_field_14_container\" class=\"frm_form_field form-field  frm_required_field frm_top_container\">\n\t<div  id=\"field_wcuht_label\" class=\"frm_primary_label\">Nom Pr\u00e9nom\n\t\t<span class=\"frm_required\" aria-hidden=\"true\">*<\/span>\n\t<\/div>\n\t<fieldset aria-labelledby=\"field_wcuht_label\">\n\t<legend class=\"frm_screen_reader frm_hidden\">\n\t\tNom Pr\u00e9nom\t<\/legend>\n\n\t<div  class=\"frm_combo_inputs_container\" id=\"frm_combo_inputs_container_14\" data-name-layout=\"first_last\">\n\t\t\t\t\t<div\n\t\t\t\tid=\"frm_field_14-first_container\"\n\t\t\t\tclass=\"frm_form_field form-field frm_form_subfield-first  frm6\"\n\t\t\t\tdata-sub-field-name=\"first\"\n\t\t\t>\n\t\t\t\t<label for=\"field_wcuht_first\" class=\"frm_screen_reader frm_hidden\">\n\t\t\t\t\tPremier\t\t\t\t<\/label>\n\n\t\t\t\t<input  type=\"text\" id=\"field_wcuht_first\" value=\"\" name=\"item_meta[14][first]\" autocomplete=\"given-name\" data-reqmsg=\"Nom Pr\u00e9nom ne peut pas \u00eatre vide.\" aria-required=\"true\" data-invmsg=\"Nom Pr\u00e9nom est non valide\" aria-invalid=\"false\"  \/><div class=\"frm_description\" id=\"frm_field_14_first_desc\">Premier<\/div>\t\t\t<\/div>\n\t\t\t\t\t\t<div\n\t\t\t\tid=\"frm_field_14-last_container\"\n\t\t\t\tclass=\"frm_form_field form-field frm_form_subfield-last  frm6\"\n\t\t\t\tdata-sub-field-name=\"last\"\n\t\t\t>\n\t\t\t\t<label for=\"field_wcuht_last\" class=\"frm_screen_reader frm_hidden\">\n\t\t\t\t\tDernier\t\t\t\t<\/label>\n\n\t\t\t\t<input  type=\"text\" id=\"field_wcuht_last\" value=\"\" name=\"item_meta[14][last]\" autocomplete=\"family-name\" data-reqmsg=\"Nom Pr\u00e9nom ne peut pas \u00eatre vide.\" aria-required=\"true\" data-invmsg=\"Nom Pr\u00e9nom est non valide\" aria-invalid=\"false\"  \/><div class=\"frm_description\" id=\"frm_field_14_last_desc\">Dernier<\/div>\t\t\t<\/div>\n\t\t\t\t<\/div>\n<\/fieldset>\n\n\t\n\t\n<\/div>\n<div id=\"frm_field_15_container\" class=\"frm_form_field form-field  frm_required_field frm_top_container\">\n\t<label for=\"field_p2vza\" id=\"field_p2vza_label\" class=\"frm_primary_label\">Email\n\t\t<span class=\"frm_required\" aria-hidden=\"true\">*<\/span>\n\t<\/label>\n\t<input type=\"email\" id=\"field_p2vza\" name=\"item_meta[15]\" value=\"\"  data-reqmsg=\"Email ne peut pas \u00eatre vide.\" aria-required=\"true\" data-invmsg=\"Email est non valide\" aria-invalid=\"false\"  \/>\n\t\n\t\n<\/div>\n<div id=\"frm_field_16_container\" class=\"frm_form_field form-field  frm_top_container\">\n\t<label for=\"field_d2yv8\" id=\"field_d2yv8_label\" class=\"frm_primary_label\">Code Postal\n\t\t<span class=\"frm_required\" aria-hidden=\"true\"><\/span>\n\t<\/label>\n\t<input type=\"text\" id=\"field_d2yv8\" name=\"item_meta[16]\" value=\"\"  data-invmsg=\"Code Postal est non valide\" aria-invalid=\"false\"  \/>\n\t\n\t\n<\/div>\n<div id=\"frm_field_20_container\" class=\"frm_form_field form-field  frm_required_field frm_top_container\">\n\t<label for=\"field_fi8cw\" id=\"field_fi8cw_label\" class=\"frm_primary_label\">Votre message\n\t\t<span class=\"frm_required\" aria-hidden=\"true\">*<\/span>\n\t<\/label>\n\t<textarea name=\"item_meta[20]\" id=\"field_fi8cw\" rows=\"5\"  data-reqmsg=\"Votre message ne peut pas \u00eatre vide.\" aria-required=\"true\" data-invmsg=\"Votre message est non valide\" aria-invalid=\"false\"  ><\/textarea>\n\t\n\t\n<\/div>\n<div id=\"frm_field_21_container\" class=\"frm_form_field form-field  frm_none_container\">\n\t<label for=\"g-recaptcha-response\" id=\"field_h94za_label\" class=\"frm_primary_label\">Captcha\n\t\t<span class=\"frm_required\" aria-hidden=\"true\"><\/span>\n\t<\/label>\n\t\n\t\n\t\n<\/div>\n<div id=\"frm_field_13_container\" class=\"frm_form_field form-field \">\n\t<div class=\"frm_submit frm_flex\">\n<button class=\"frm_button_submit\" type=\"submit\"  >Envoyer<\/button>\n\n\n\n<\/div>\n<\/div>\n\t<input type=\"hidden\" name=\"item_key\" value=\"\" \/>\n\t\t\t<div id=\"frm_field_22_container\">\n\t\t\t<label for=\"field_rd0p7\" >\n\t\t\t\tSi vous \u00eates un humain, ne remplissez pas ce champ.\t\t\t<\/label>\n\t\t\t<input  id=\"field_rd0p7\" type=\"text\" class=\"frm_form_field form-field frm_verify\" name=\"item_meta[22]\" value=\"\"  \/>\n\t\t<\/div>\n\t\t<input name=\"frm_state\" type=\"hidden\" value=\"XWVH6IaaPZSBk3ztOSnFcwRQhm9KrYIFP+wKv4b8cdc=\" \/><\/div>\n<\/fieldset>\n<\/div>\n\n<\/form>\n<\/div>\n","protected":false},"excerpt":{"rendered":"<p>Nous contacter en direct Par t\u00e9l\u00e9phone : 06.16.42.18.52Par courriel : minirailnantais@gmail.com Adh\u00e9rer en 2026 Vous pouvez adh\u00e9rer au Mini Rail Nantais directement au club \u00e0 partir de 11 ans.Venez avec la fiche d&rsquo;adh\u00e9sion ci-jointe d\u00fbment remplie apr\u00e8s t\u00e9l\u00e9chargement Le tarif : 70 \u20ac pour l&rsquo;ann\u00e9e, 35 \u20ac pour les mineurs Le document : La fiche &hellip; <\/p>\n<p class=\"link-more\"><a href=\"https:\/\/minirailnantais.fr\/index.php\/contact-et-adhesion\/\" class=\"more-link\">Continuer la lecture<span class=\"screen-reader-text\"> de &laquo;&nbsp;Contact et Adh\u00e9sion&nbsp;&raquo;<\/span><\/a><\/p>\n","protected":false},"author":3,"featured_media":0,"parent":0,"menu_order":0,"comment_status":"closed","ping_status":"closed","template":"","meta":{"footnotes":""},"class_list":["post-12","page","type-page","status-publish","hentry"],"rttpg_featured_image_url":null,"rttpg_author":{"display_name":"Jean-Raymond GUILLAUME","author_link":"https:\/\/minirailnantais.fr\/index.php\/author\/superviseur\/"},"rttpg_comment":0,"rttpg_category":null,"rttpg_excerpt":"Nous contacter en direct Par t\u00e9l\u00e9phone : 06.16.42.18.52Par courriel : minirailnantais@gmail.com Adh\u00e9rer en 2026 Vous pouvez adh\u00e9rer au Mini Rail Nantais directement au club \u00e0 partir de 11 ans.Venez avec la fiche d&rsquo;adh\u00e9sion ci-jointe d\u00fbment remplie apr\u00e8s t\u00e9l\u00e9chargement Le tarif : 70 \u20ac pour l&rsquo;ann\u00e9e, 35 \u20ac pour les mineurs Le document : La fiche\u2026","_links":{"self":[{"href":"https:\/\/minirailnantais.fr\/index.php\/wp-json\/wp\/v2\/pages\/12","targetHints":{"allow":["GET"]}}],"collection":[{"href":"https:\/\/minirailnantais.fr\/index.php\/wp-json\/wp\/v2\/pages"}],"about":[{"href":"https:\/\/minirailnantais.fr\/index.php\/wp-json\/wp\/v2\/types\/page"}],"author":[{"embeddable":true,"href":"https:\/\/minirailnantais.fr\/index.php\/wp-json\/wp\/v2\/users\/3"}],"replies":[{"embeddable":true,"href":"https:\/\/minirailnantais.fr\/index.php\/wp-json\/wp\/v2\/comments?post=12"}],"version-history":[{"count":35,"href":"https:\/\/minirailnantais.fr\/index.php\/wp-json\/wp\/v2\/pages\/12\/revisions"}],"predecessor-version":[{"id":1296,"href":"https:\/\/minirailnantais.fr\/index.php\/wp-json\/wp\/v2\/pages\/12\/revisions\/1296"}],"wp:attachment":[{"href":"https:\/\/minirailnantais.fr\/index.php\/wp-json\/wp\/v2\/media?parent=12"}],"curies":[{"name":"wp","href":"https:\/\/api.w.org\/{rel}","templated":true}]}}