{"id":20,"date":"2024-06-17T10:53:36","date_gmt":"2024-06-17T08:53:36","guid":{"rendered":"http:\/\/minirailnantais.fr\/?page_id=20"},"modified":"2024-06-17T11:29:34","modified_gmt":"2024-06-17T09:29:34","slug":"les-anciens-reseaux","status":"publish","type":"page","link":"https:\/\/minirailnantais.fr\/index.php\/les-anciens-reseaux\/","title":{"rendered":"Les anciens r\u00e9seaux"},"content":{"rendered":"\n<p id=\"block-c56ad789-7f45-43b2-9897-47b562e65eb0\">Tout au long de son existence les adh\u00e9rents du club ont r\u00e9alis\u00e9 un certain nombre de r\u00e9seaux.<br>Pour diverses raisons, certains r\u00e9seaux ont \u00e9t\u00e9 vendus, mais leur souvenir reste vivace dans la m\u00e9moire de leurs r\u00e9alisateurs<\/p>\n","protected":false},"excerpt":{"rendered":"<p>Tout au long de son existence les adh\u00e9rents du club ont r\u00e9alis\u00e9 un certain nombre de r\u00e9seaux.Pour diverses raisons, certains r\u00e9seaux ont \u00e9t\u00e9 vendus, mais leur souvenir reste vivace dans la m\u00e9moire de leurs r\u00e9alisateurs<\/p>\n","protected":false},"author":3,"featured_media":0,"parent":0,"menu_order":0,"comment_status":"closed","ping_status":"closed","template":"","meta":{"footnotes":""},"class_list":["post-20","page","type-page","status-publish","hentry"],"rttpg_featured_image_url":null,"rttpg_author":{"display_name":"Jean-Raymond GUILLAUME","author_link":"https:\/\/minirailnantais.fr\/index.php\/author\/superviseur\/"},"rttpg_comment":0,"rttpg_category":null,"rttpg_excerpt":"Tout au long de son existence les adh\u00e9rents du club ont r\u00e9alis\u00e9 un certain nombre de r\u00e9seaux.Pour diverses raisons, certains r\u00e9seaux ont \u00e9t\u00e9 vendus, mais leur souvenir reste vivace dans la m\u00e9moire de leurs r\u00e9alisateurs","_links":{"self":[{"href":"https:\/\/minirailnantais.fr\/index.php\/wp-json\/wp\/v2\/pages\/20","targetHints":{"allow":["GET"]}}],"collection":[{"href":"https:\/\/minirailnantais.fr\/index.php\/wp-json\/wp\/v2\/pages"}],"about":[{"href":"https:\/\/minirailnantais.fr\/index.php\/wp-json\/wp\/v2\/types\/page"}],"author":[{"embeddable":true,"href":"https:\/\/minirailnantais.fr\/index.php\/wp-json\/wp\/v2\/users\/3"}],"replies":[{"embeddable":true,"href":"https:\/\/minirailnantais.fr\/index.php\/wp-json\/wp\/v2\/comments?post=20"}],"version-history":[{"count":2,"href":"https:\/\/minirailnantais.fr\/index.php\/wp-json\/wp\/v2\/pages\/20\/revisions"}],"predecessor-version":[{"id":77,"href":"https:\/\/minirailnantais.fr\/index.php\/wp-json\/wp\/v2\/pages\/20\/revisions\/77"}],"wp:attachment":[{"href":"https:\/\/minirailnantais.fr\/index.php\/wp-json\/wp\/v2\/media?parent=20"}],"curies":[{"name":"wp","href":"https:\/\/api.w.org\/{rel}","templated":true}]}}